11 - (16 - 55) - 3.
25
Evaluate 1 - 0 - (-233 + 249) - -13.
-2
What is the value of (-4 + 0 - (-2 + 2)) + (-5289 - -5281)?
-12
What is the value of 2 - (2 + (-20 - -13) + 4)?
3
-7 - (4 + -2 + (-8 - -20) + -18)
-3
What is -5 + (-1 - 6) + 13 - (-3 + 3)?
1
Evaluate (27 - -5) + -34 - 24.
-26
What is the value of -1 + -1 + -17 + -398 + 385?
-32
-4 - 13 - (67 - 73)
-11
What is the value of (-16 + 43 - 26) + (3 - 3)?
1
What is the value of (1 - (3 + -12)) + -13?
-3
What is -464 - -456 - (3 + 1 + -1)?
-11
Calculate 22 + -76 + 63 + 1 + -6.
4
What is 5 + 7 - 4 - ((11 - 5) + -4)?
6
What is the value of 16 + (4 - (-7 - -13 - -5))?
9
What is (0 - -5 - -1) + 81 + -78?
9
What is (-12 - -1) + (-1 - -4) + (-7 - -10)?
-5
Calculate 46 + 27 + -28 + -13.
32
Calculate (-28 - -38) + -8 + -23 + -6 + 0.
-27
What is the value of 1 + 9 + (-29 - -23)?
4
What is the value of 12 + (4 - 19) + -8?
-11
What is (12 - (0 + 20)) + 6 + (7 - -2)?
7
Evaluate -60 + 60 + 6 + (1 - 1) - -1.
7
Calculate (-8 - 4) + (32 - 28) + (27 - 3).
16
Calculate -2 + 8 + 0 + (-8 - 11) + 24.
11
Calculate 20 + -24 + 2 - -12.
10
What is (-1 - -5) + (-29 - -25 - (1 - 9))?
8
What is 5 + (0 - 3) + (2 - 3) - -9?
10
Evaluate -35 - (-14 + (-3 - (0 - 8))).
-26
What is the value of 1 - (12 - (-9 + 4 + 12)) - -4?
0
Evaluate (-3 + 1 - (-8 + 10)) + 9 - 24.
-19
Evaluate 30 - 7 - ((8 - 1) + 2).
14
What is (24 + (36 - 85) - (-1 - 7)) + 1?
-16
Evaluate (-4 - -14) + (2 - 1) + (862 - 865).
8
-27 + 11 + 10 + -6
-12
Evaluate -9 + 0 - (-4 + 21 - 29).
3
What is -4 - (-18 - (-19 - 9))?
-14
Evaluate 11 + (3 + -11 - (-23 + 19)).
7
(5 - -4) + (-110 - -116 - (0 + 25))
-10
-40 + 0 + 1 + 5 + 8 + -9
-35
(-3 + 11 + -5 - 1) + -3 - -5
4
-18 - (15 + (9 - 20) + 0)
-22
What is 33 + -21 + -20 + (11 - 1)?
2
What is the value of 0 + 7 - (3 + 0) - (-129 + 143)?
-10
Calculate 3 + 13 + -19 + -6 + 3.
-6
28 - (-10 - -24) - 5
9
What is the value of 10 - (48 - 16 - -7 - -4)?
-33
3 + 9 + 15 + (-7 - 9)
11
Calculate -4 + -1 + (15 - (-4 - -4)).
10
What is the value of 3 + 1 - (67 + -82)?
19
7 + 18 + -9 + -23
-7
What is the value of -4 + 4 + -5 - 1 - (-5 - 14)?
13
What is 1 + -1 - (9 + 1 - (-55 + 65))?
0
Calculate 31 + -9 + 28 + -76.
-26
What is the value of 5 - ((1 - 6) + 21 + -5)?
-6
(2 - ((-2 - 1) + -1)) + -388 + 365
-17
What is the value of -4 - (-19 - (-3 - 6 - (-15 - -2)))?
19
What is 4 + -7 + 4 + -2 - -14?
13
Calculate -397 + 387 + -4 + -1.
-15
Evaluate -5 + -1 - (4 + 1 + -9).
-2
What is the value of (7 - (-1 - -4)) + -8 + -18?
-22
Calculate -5 + 6 + 28 + -31.
-2
What is the value of (-3 - -7 - 10) + (-38 - -52)?
8
Calculate (2 - (15 + -1) - -3) + 23.
14
What is the value of 2 - (-13 + (0 + 0 - (13 - 21)))?
7
Evaluate (45 - 44) + 0 + 1 + (1 - 1).
2
What is 28 + -10 + -9 + 11?
20
(3 - -20) + 166 + -175
14
What is the value of -21 + 8 + 6 - -6?
-1
Calculate (-35 + 7 - -73) + -13.
32
Evaluate 13 + -11 + (1 - (2 - (-6 - -4))).
-1
27 + (-21 - (11 + 2))
-7
What is the value of (-7 - 7) + 21 - (-1 - -20)?
-12
What is ((1 - 8) + 14 + 2 - 5) + -1?
3
118 + -118 + 3 + 2
5
(57 + -20 - 49) + (-8 - 1)
-21
12 - (19 + 4 + 10)
-21
Evaluate 4 + 1 + -3 + (23 - 12) + -3.
10
What is -39 - (-21 + 8) - (1 + -3 + 2)?
-26
What is (-22 - (0 + -16)) + 3 + -1?
-4
Evaluate -31 - 0 - -7 - -17.
-7
(-14 - -20) + (-7 - (-3 + 7 + -5))
0
Evaluate 0 + -5 + 3 + 3 + 1 - 7.
-5
Evaluate -27 + 21 - ((5 - -4) + -1).
-14
What is -1 + -21 - (16 + 4 - 25 - -2)?
-19
What is the value of -3 + (16 - (-14 - -21) - (2 + -1))?
5
Evaluate -103 - -93 - (-1 + -1).
-8
7 - -3 - 6 - 4 - 8
-8
What is 5 + 2 - (3 + 5 - 11)?
10
What is -14 - (-11 + 7 + -7)?
-3
What is 0 + (0 - -2 - (-2 - (-10 + 2)))?
-4
-17 + (6 - 2) + 22
9
Evaluate (2 - -9) + -6 + 2 + 3 + -44.
-34
What is 14 - (13 - 2 - (4 + 1))?
8
Evaluate 18 - (81 + 39 + -78).
-24
What is 127 - 119 - (2 + -3)?
9
Evaluate -43 + 1 - (1 - (12 + 3)).
-28
Calculate (-5 - 13) + 12 + 6.
0
6 + -7 + -5 + -2
-8
Calculate -8 - (-24 - (2 + 3 + -18 + 4)).
7
What is 1 + 7 - (10 - (-12 + 14)) - 20?
-20
What is -338 + 337 + -3 + (0 - -16)?
12
(28 + -31 + -1 + 1 - -6) + 13
16
What is -22 - (-41 + (29 - 24))?
14
Evaluate (16 - 6) + 4 + -6 + 1.
9
8 - (-1 - 1) - (-33 + 43)
0
Evaluate -11 - (-7 + 19 + -11).
-12
What is the value of -7 - -19 - (7 + 24 + -2)?
-17
0 + 9 + (8 - 7) + (-66 - -40)
-16
Evaluate -7 + (3 - 4) + -2 + -3.
-13
Evaluate 6 - (-1 - (30 - 29)).
8
What is (-1 - (14 + -12)) + 8 + 1?
6
What is the value of -6 - -12 - (15 + 7)?
-16
Evaluate -3 + (3 - 2) + 1 - (4 + 5).
-10
Calculate 9 - (8 - (2 + 5) - -5).
3
Evaluate -7 - -11 - 5 - (33 - 25).
-9
Evaluate 0 + (1 - -6) - (-145 - -152).
0
What is -87 - -79 - (2 + 1 + -2)?
-9
What is the value of 80 + -71 + -15 + -1 - 20?
-27
What is 5 + -11 + -10 + 2 + 35?
21
What is 3 + -30 + 22 - -19?
14
What is the value of (18 - (30 - 16)) + -2 + 2?
4
What is (-13 - -13) + -1 - 36?
-37
Calculate -8 - 0 - (45 + -56).
3
-21 + 0 - (-20 + 45 + -20) - 1
-27
What is the value of 12 + -10 + (-2 - 2)?
-2
(1 - -7) + -22 + (16 - -9)
11
(-1 - 14 - -11) + 31 - (7 - 0)
20
1 + (1 - -3 - (4 + -7))
8
What is (5 - (7 + -7) - 15) + 2 + 0?
-8
-16 - (-28 + 6 + -6)
12
Calculate 1 + 3 + 19 - (-4 - (-4 - 9)).
14
3 + (-25 - -1) + 5
-16
What is -2 + -1 - (-7 - (-5 - -2) - -9)?
-8
What is (1 - 1) + 13 + -15 + 19 + -5?
12
-10 - (-4 - -7 - -4 - 24)
7
What is the value of 5 + (0 - (3 + -8)) + -23?
-13
Calculate 8 + (2 - 0) - (11 - (-10 + 25)).
14
Evaluate 3 + -4 + 1 - -2.
2
What is (6 + -1 + -1 - -1) + (-912 - -907)?
0
4 - (6 - (9 - 6) - 2 - -11)
-8
Evaluate (1 - 3 - 1 - (0 + -3)) + 18.
18
Evaluate -11 - (-21 + -7 + 3).
14
Evaluate 10 + 3 - (-10 + (5 - -7)).
11
What is the value of 1 - (15 - 9 - -9)?
-14
Calculate 22 + (-1 - -12 - 21) - 29.
-17
Evaluate 13 + 5 + -20 + -12.
-14
What is the value of -11 + (8 - -10) + -1?
6
Calculate -21 + -16 - (-30 + 10).
-17
What is the value of -4 + 14 + -7 + -12?
-9
Calculate 13 + (-23 - -14 - (-2 - (-1 - -1))).
6
3 + -4 - (1 + 7 + -12 + 6)
-3
Evaluate -21 + -3 + 17 - (-4 - -2).
-5
Evaluate -10 + 47 + -15 + -40.
-18
What is the value of 309 + -325 - (0 - 12)?
-4
-3 - ((2 - -3 - -3) + -6 - -2)
-7
Evaluate (32 - (90 - 33)) + 1 + 11.
-13
-17 + (-3 - -7) + (10 - 0)
-3
What is the value of (-15 - -15 - -7) + (-1 - -3 - -3)?
12
Calculate 6 + -2 + -17 + (-4 - -12) + 6.
1
What is the value of -1 + 1 - (4 + -2 - (43 - 44))?
-3
Calculate 4475 - 4483 - (0 - (-1 + -3)).
-12
Calculate -4 + (10 - 7) + -3 + 20.
16
Evaluate 46 + -7 - (-63 - -94).
8
Evaluate 1 + (-1 - 26) + -13 + (-39 - -52).
-26
What is the value of -1 + (0 - 1 - (-21 + 29)) + 1?
-9
What is -10 + 0 + -8 - (0 + -4)?
-14
Evaluate -14 + -10 + (-9 - 0) + 30 - 16.
-19
0 - 4 - (-4 + 1 - (3 - 33))
-31
What is 22 + (29 - 36 - 18)?
-3
5 + 25 - (41 - 16)
5
What is 5 - (3 + -8 + 22)?
-12
What is the value of -17 - (-24 - (-19 - -11))?
-1
What is the value of (693 - 686) + -2 + -1 + 1?
5
Calculate -5 + 7 + -4 + -1 + 4.
1
(-7 + 3 - -14 - 13) + (-2 - 26)
-31
What is 3 + 11 + -14 + (-4 - -4)?
0
What is 12 + (-30 - (17 - 30))?
-5
-18 - (-20 + 25) - -15
-8
Calculate 0 + 0 + (-2 + -8 - -2) + -4.
-12
(-12 + 9 - -17) + -7 + 10
17
(-25 - -40) + -2 + 3 + 18
34
What is 2 - -1 - (-20 + 41 - 27)?
9
What is (3 - 2) + (6 - 20 - -5) + 36?
28
What is the value of -6 - (-4 - (-3 - -1)) - -1?
-3
What is 6 + -3 + 5 + -1 - (13 + -6)?
0
What is the value of -6 + 8 + (-24 - -9) + 7 + 2?
-4
85 + -91 - (-20 + 4)
10
Evaluate 3 + -7 - 2 - 11 - -8.
-9
What is 5 - (15 - 5) - (2 + -1 - 7)?
1
What is the value of -30 + 40 + (-22 + -1 - 3)?
-16
What is the value of 11 + (0 - -1) - (237 - 252)?
27
Evaluate -6 - (5 - (-8 - -13 - -12)).
6
What is 9 - (11 + -29 + 13 + 15 + -5)?
4
What is (-1 - 5 - (20 - 26)) + 3 + -17?
-14
0 - (7 - 5) - -12 - (28 - 4)
-14
Evaluate 5 - (8 + (-13 - (-3 - 1))).
6
-5 + 8 + -15 - -3
-9
What is the value of 0 + (-2 - 2) + 2?
-2
Evaluate 19 + -21 + (-11 - -17).
4
Calculate -35 - 1 - (-70 + -6 - -69).
-29
What is the value of (-1 - -6) + 18 + -20 + -5 - -19?
17
460 + -443 + (1 - 41 - -1)
-22
Evaluate (-10 - 3) + (8 - 4) - -5.
-4
Evaluate -13 + (-15 - -26) + (5 - -5).
8
What is -81 - -34 - -21 - -19?
-7
What is the value of (-4 - 6) + 10 - 2?
-2
What is -17 + (-2 + -23 - -14)?
-28
Calculate 12 + 6 + -16 + 5 - (5 - 2).
4
Calculate -21 + 44 + (-22 - 3).
-2
What is 25 - (42 - (28 + -25))?
